{"id":2,"date":"2021-01-23T13:11:55","date_gmt":"2021-01-23T12:11:55","guid":{"rendered":"https:\/\/www.alecerme.it\/raggi\/?page_id=2"},"modified":"2024-11-24T11:57:26","modified_gmt":"2024-11-24T11:57:26","slug":"perche-raggi","status":"publish","type":"page","link":"https:\/\/alecerme.it\/raggi\/perche-raggi\/","title":{"rendered":"Perch\u00e9 raggi"},"content":{"rendered":"\n<p>Raggi nasce dall&#8217;esigenza di riflettere, fare e condividere. Nasce come un buon proposito per il 2021 pensato nel capodanno del 2020 il pi\u00f9 strano e solitario mai fatto.<\/p>\n\n\n\n<p>Tutti i giorni come persona e come sviluppatore web, leggo articoli e mi informo su tematiche inerenti a design, sviluppo software, user experience, user interface, agile, scrum, front-end, back-end. <\/p>\n\n\n\n<p>Raggi vuole essere un punto in cui li catalogo, ne faccio riflessione e li condivido in modo che anche altri possano ricevere quelle informazioni, pensieri, tecniche.<\/p>\n\n\n\n<figure class=\"wp-block-image size-large\"><img loading=\"lazy\" decoding=\"async\" width=\"1024\" height=\"680\" src=\"https:\/\/alecerme.it\/raggi\/wp-content\/uploads\/2024\/11\/perche_raggi_ale2-1024x680.jpg\" alt=\"\" class=\"wp-image-503\" srcset=\"https:\/\/alecerme.it\/raggi\/wp-content\/uploads\/2024\/11\/perche_raggi_ale2-1024x680.jpg 1024w, https:\/\/alecerme.it\/raggi\/wp-content\/uploads\/2024\/11\/perche_raggi_ale2-300x199.jpg 300w\" sizes=\"auto, (max-width: 1024px) 100vw, 1024px\" \/><figcaption class=\"wp-element-caption\"><em>Il sottoscritto in Olanda a Schiermonnikoog<\/em><\/figcaption><\/figure>\n\n\n\n<p>Ho scelto raggi perch\u00e9 mi piace andare in bicicletta. I raggi sono essenziali perch\u00e9 la ruota faccia il suo dovere, sono intrecciati gli uni con gli altri e in movimento, la loro singolarit\u00e0, diventa insieme. <\/p>\n\n\n\n<p>Allo stesso tempo se un raggio non funziona bene o \u00e8 fuori posto, richiede attenzione perch\u00e9 il tutto torni al meglio.<\/p>\n\n\n\n<figure class=\"wp-block-image size-large\"><img loading=\"lazy\" decoding=\"async\" width=\"1024\" height=\"700\" src=\"https:\/\/alecerme.it\/raggi\/wp-content\/uploads\/2024\/11\/perche_raggi_ale1-1024x700.jpg\" alt=\"\" class=\"wp-image-502\" srcset=\"https:\/\/alecerme.it\/raggi\/wp-content\/uploads\/2024\/11\/perche_raggi_ale1-1024x700.jpg 1024w, https:\/\/alecerme.it\/raggi\/wp-content\/uploads\/2024\/11\/perche_raggi_ale1-300x205.jpg 300w, https:\/\/alecerme.it\/raggi\/wp-content\/uploads\/2024\/11\/perche_raggi_ale1-768x525.jpg 768w, https:\/\/alecerme.it\/raggi\/wp-content\/uploads\/2024\/11\/perche_raggi_ale1-1536x1050.jpg 1536w, https:\/\/alecerme.it\/raggi\/wp-content\/uploads\/2024\/11\/perche_raggi_ale1-2048x1400.jpg 2048w\" sizes=\"auto, (max-width: 1024px) 100vw, 1024px\" \/><figcaption class=\"wp-element-caption\"><em>Il sottoscritto in Francia presso qualche castello della Loira<\/em><\/figcaption><\/figure>\n\n\n\n<p>Ho scelto raggi perch\u00e9 mi piace stare all&#8217;aria aperta, mi piace qualsiasi stagione, ma il sole quando c&#8217;\u00e8, con i suoi raggi, \u00e8 gioia ed \u00e8 calore.<\/p>\n\n\n\n<figure class=\"wp-block-image size-large is-resized\"><img loading=\"lazy\" decoding=\"async\" width=\"768\" height=\"1024\" src=\"https:\/\/alecerme.it\/raggi\/wp-content\/uploads\/2024\/11\/perche_raggi_ale3-768x1024.jpg\" alt=\"\" class=\"wp-image-504\" srcset=\"https:\/\/alecerme.it\/raggi\/wp-content\/uploads\/2024\/11\/perche_raggi_ale3-768x1024.jpg 768w, https:\/\/alecerme.it\/raggi\/wp-content\/uploads\/2024\/11\/perche_raggi_ale3-225x300.jpg 225w, https:\/\/alecerme.it\/raggi\/wp-content\/uploads\/2024\/11\/perche_raggi_ale3-1152x1536.jpg 1152w, https:\/\/alecerme.it\/raggi\/wp-content\/uploads\/2024\/11\/perche_raggi_ale3-1536x2048.jpg 1536w, https:\/\/alecerme.it\/raggi\/wp-content\/uploads\/2024\/11\/perche_raggi_ale3-1250x1667.jpg 1250w, https:\/\/alecerme.it\/raggi\/wp-content\/uploads\/2024\/11\/perche_raggi_ale3-scaled.jpg 1920w\" sizes=\"auto, (max-width: 768px) 100vw, 768px\" \/><figcaption class=\"wp-element-caption\"><em>Quel momento l\u00ec, dopo la salita, che sei arrivato e ti togli i ramponi, ti siedi, ti guardi intorno e tutto \u00e8 stupendo.<\/em><\/figcaption><\/figure>\n\n\n\n<p>Ho scelto di creare raggi perch\u00e9 nel 2021 voglio fermarmi di pi\u00f9 ad assaporare questi raggi, giorno per giorno. Sceglierne uno e condividerlo con chi vorr\u00e0 leggerlo. Sar\u00e0 il mio esercizio quotidiano.<\/p>\n","protected":false},"excerpt":{"rendered":"<p>Raggi nasce dall&#8217;esigenza di riflettere, fare e condividere. Nasce come un buon proposito per il 2021 pensato nel capodanno del 2020 il pi\u00f9 strano e solitario mai fatto. Tutti i&#8230;<\/p>\n","protected":false},"author":1,"featured_media":0,"parent":0,"menu_order":0,"comment_status":"closed","ping_status":"open","template":"","meta":{"footnotes":""},"class_list":["post-2","page","type-page","status-publish","hentry"],"_links":{"self":[{"href":"https:\/\/alecerme.it\/raggi\/wp-json\/wp\/v2\/pages\/2","targetHints":{"allow":["GET"]}}],"collection":[{"href":"https:\/\/alecerme.it\/raggi\/wp-json\/wp\/v2\/pages"}],"about":[{"href":"https:\/\/alecerme.it\/raggi\/wp-json\/wp\/v2\/types\/page"}],"author":[{"embeddable":true,"href":"https:\/\/alecerme.it\/raggi\/wp-json\/wp\/v2\/users\/1"}],"replies":[{"embeddable":true,"href":"https:\/\/alecerme.it\/raggi\/wp-json\/wp\/v2\/comments?post=2"}],"version-history":[{"count":7,"href":"https:\/\/alecerme.it\/raggi\/wp-json\/wp\/v2\/pages\/2\/revisions"}],"predecessor-version":[{"id":506,"href":"https:\/\/alecerme.it\/raggi\/wp-json\/wp\/v2\/pages\/2\/revisions\/506"}],"wp:attachment":[{"href":"https:\/\/alecerme.it\/raggi\/wp-json\/wp\/v2\/media?parent=2"}],"curies":[{"name":"wp","href":"https:\/\/api.w.org\/{rel}","templated":true}]}}

Perché raggi

<p>Raggi nasce dall&#8217;esigenza di riflettere, fare e condividere. Nasce come un buon proposito per il 2021 pensato nel capodanno del 2020 il più strano e solitario mai fatto.</p>



<p>Tutti i giorni come persona e come sviluppatore web, leggo articoli e mi informo su tematiche inerenti a design, sviluppo software, user experience, user interface, agile, scrum, front-end, back-end. </p>



<p>Raggi vuole essere un punto in cui li catalogo, ne faccio riflessione e li condivido in modo che anche altri possano ricevere quelle informazioni, pensieri, tecniche.</p>



<figure class="wp-block-image size-large"><img loading="lazy" decoding="async" width="1024" height="680" src="https://alecerme.it/raggi/wp-content/uploads/2024/11/perche_raggi_ale2-1024x680.jpg" alt="" class="wp-image-503" srcset="https://alecerme.it/raggi/wp-content/uploads/2024/11/perche_raggi_ale2-1024x680.jpg 1024w, https://alecerme.it/raggi/wp-content/uploads/2024/11/perche_raggi_ale2-300x199.jpg 300w" sizes="auto, (max-width: 1024px) 100vw, 1024px" /><figcaption class="wp-element-caption"><em>Il sottoscritto in Olanda a Schiermonnikoog</em></figcaption></figure>



<p>Ho scelto raggi perché mi piace andare in bicicletta. I raggi sono essenziali perché la ruota faccia il suo dovere, sono intrecciati gli uni con gli altri e in movimento, la loro singolarità, diventa insieme. </p>



<p>Allo stesso tempo se un raggio non funziona bene o è fuori posto, richiede attenzione perché il tutto torni al meglio.</p>



<figure class="wp-block-image size-large"><img loading="lazy" decoding="async" width="1024" height="700" src="https://alecerme.it/raggi/wp-content/uploads/2024/11/perche_raggi_ale1-1024x700.jpg" alt="" class="wp-image-502" srcset="https://alecerme.it/raggi/wp-content/uploads/2024/11/perche_raggi_ale1-1024x700.jpg 1024w, https://alecerme.it/raggi/wp-content/uploads/2024/11/perche_raggi_ale1-300x205.jpg 300w, https://alecerme.it/raggi/wp-content/uploads/2024/11/perche_raggi_ale1-768x525.jpg 768w, https://alecerme.it/raggi/wp-content/uploads/2024/11/perche_raggi_ale1-1536x1050.jpg 1536w, https://alecerme.it/raggi/wp-content/uploads/2024/11/perche_raggi_ale1-2048x1400.jpg 2048w" sizes="auto, (max-width: 1024px) 100vw, 1024px" /><figcaption class="wp-element-caption"><em>Il sottoscritto in Francia presso qualche castello della Loira</em></figcaption></figure>



<p>Ho scelto raggi perché mi piace stare all&#8217;aria aperta, mi piace qualsiasi stagione, ma il sole quando c&#8217;è, con i suoi raggi, è gioia ed è calore.</p>



<figure class="wp-block-image size-large is-resized"><img loading="lazy" decoding="async" width="768" height="1024" src="https://alecerme.it/raggi/wp-content/uploads/2024/11/perche_raggi_ale3-768x1024.jpg" alt="" class="wp-image-504" srcset="https://alecerme.it/raggi/wp-content/uploads/2024/11/perche_raggi_ale3-768x1024.jpg 768w, https://alecerme.it/raggi/wp-content/uploads/2024/11/perche_raggi_ale3-225x300.jpg 225w, https://alecerme.it/raggi/wp-content/uploads/2024/11/perche_raggi_ale3-1152x1536.jpg 1152w, https://alecerme.it/raggi/wp-content/uploads/2024/11/perche_raggi_ale3-1536x2048.jpg 1536w, https://alecerme.it/raggi/wp-content/uploads/2024/11/perche_raggi_ale3-1250x1667.jpg 1250w, https://alecerme.it/raggi/wp-content/uploads/2024/11/perche_raggi_ale3-scaled.jpg 1920w" sizes="auto, (max-width: 768px) 100vw, 768px" /><figcaption class="wp-element-caption"><em>Quel momento lì, dopo la salita, che sei arrivato e ti togli i ramponi, ti siedi, ti guardi intorno e tutto è stupendo.</em></figcaption></figure>



<p>Ho scelto di creare raggi perché nel 2021 voglio fermarmi di più ad assaporare questi raggi, giorno per giorno. Sceglierne uno e condividerlo con chi vorrà leggerlo. Sarà il mio esercizio quotidiano.</p>

<p>Raggi nasce dall&#8217;esigenza di riflettere, fare e condividere. Nasce come un buon proposito per il 2021 pensato nel capodanno del 2020 il più strano e solitario mai fatto. Tutti i&#8230;</p>
